(8 - -2) + (-11 - (2 - 8))?
5
What is the value of 4 + (5 - (1 - (-2 - 3)))?
3
(0 - 2) + (1 - 4 - -4)
-1
What is -7 + 7 + -6 + 1?
-5
Calculate -6 - -3 - 0 - 4.
-7
What is 11 - 9 - (-1 + 3 + 0)?
0
Calculate 8 - (-3 + 8 + -3).
6
-5 + (-1 - -2) + -1 - -8
3
-8 + 19 + 3 - 6
8
(-2 - (7 + -3)) + 4
-2
What is 2 + 9 + (-5 - 2) - 6?
-2
Calculate -3 + (-3 - -6) + -7 - 0.
-7
What is -1 + -3 + 4 + (-2 - 0)?
-2
Calculate 1 - (4 - (-1 + -1)).
-5
-16 - -23 - (1 - -6)
0
Calculate -7 + -1 - (-4 + 0).
-4
What is 15 + (-3 - -1) - (-11 + 14)?
10
What is -1 + 6 + (-14 + -4 - -22)?
9
What is the value of -2 + (17 - 8) - -1?
8
(-7 - (-14 + -1)) + -4 + -2
2
(2 - 0) + 23 + -21
4
Calculate 14 + -17 + (1 - -2).
0
Calculate 3 + -6 + -3 + 1.
-5
What is the value of 5 + (2 - (5 + 1))?
1
Calculate (13 - (6 - 8)) + -6.
9
Evaluate 0 - (-7 + (3 - 1)) - 0.
5
-3 + 4 - (0 + 0 + 0)
1
What is the value of 3 + 3 + -3 + 1 + -2?
2
What is the value of -8 + (-4 - (2 - 9))?
-5
What is -5 + (4 - 6) + 4?
-3
What is (2 - (17 - 10)) + 3?
-2
Evaluate -5 - (7 + -9) - 3.
-6
Calculate 10 - ((9 - -2 - 3) + -8).
10
4 + 24 + -12 + -10
6
Calculate -5 + 1 + 3 + 1.
0
What is the value of 2 + (2 + -2 - 1) - -3?
4
Evaluate 6 - (3 - (-3 - (-3 + 0))).
3
Calculate 4 - 8 - -7 - -2.
5
Calculate 5 + (7 + -4 + -3 - 6).
-1
18 + -12 + 10 - 9
7
What is -7 + (3 - -11) + -10?
-3
5 + -10 + 2 + 10
7
Calculate 4 + -4 + (4 - 1) + -4.
-1
-4 + -1 - (-6 - -5)
-4
What is the value of 1 + (-2 - -4) + 1 - 1?
3
Evaluate 21 + -23 + 4 + 0.
2
What is -2 + -8 + 0 + 5?
-5
Evaluate (0 + (0 - 3) - 0) + 5.
2
Evaluate 16 + 3 + -14 + 2 + 1.
8
Calculate (-8 - (0 - 10)) + -3 + 4.
3
-5 + 26 + -24 + (0 - -2)
-1
10 + -10 - (4 - (-1 - -3))
-2
What is 3 + (-8 - -4 - 4)?
-5
Calculate -2 + 0 + (-20 - -26).
4
What is the value of 0 - 4 - (6 + (-1 - 4))?
-5
5 + (-10 - -17) + -10
2
Calculate 4 + -8 + -1 + 4 + 5.
4
4 + -7 + (1 - -2 - -5)
5
What is the value of 2 + (-4 - -6 - 4) + -2?
-2
What is 7 + -9 - (-5 + 3 + -2)?
2
-20 + (10 - -1) - -14
5
What is the value of -4 - (15 + -16 + (-8 - -1))?
4
What is the value of (0 - -9) + 71 + -85?
-5
Evaluate (0 - (-5 - -6)) + -3.
-4
-8 - (-25 + 13) - 5
-1
Evaluate 7 + 1 + -13 - (0 + -11).
6
(1 - (3 - -2)) + 7 + -5
-2
-10 - -10 - (4 + -2 + 1)
-3
Calculate -7 - (-1 - (0 - -4 - 7)).
-9
What is (-11 + 10 - (-4 + 2)) + -2?
-1
Evaluate 3 + 4 + 1 + -6.
2
Evaluate -4 + -3 - (2 + 6 + -12).
-3
Calculate 10 + (1 - (1 + 13)).
-3
Evaluate 9 + 3 + -17 - (-5 + 0).
0
What is the value of 6 - (-1 - (-3 + -8) - 2)?
-2
What is the value of (-5 - -1) + -24 + 29?
1
-1 + 1 + -5 + 1
-4
Calculate 18 + -13 - (3 - 0).
2
What is -2 + 1 + (-4 - -1) + 3?
-1
What is -1 + (-3 - (-4 - (6 + -6)))?
0
-8 - (-5 - (6 - 11)) - 0
-8
(-6 - (-3 - -1)) + 3
-1
What is the value of -2 + -5 + (11 - 1)?
3
Calculate -2 - (6 - -2 - (-21 + 22)).
-9
What is the value of -5 - -1 - (-6 - (11 - 16))?
-3
4 + 7 + -13 + 7
5
Evaluate (-23 - -20) + 10 + -3.
4
What is 3 + (1 - (-1 - 1) - 1)?
5
What is the value of 2 - 2 - (0 - -3)?
-3
Calculate -34 + 42 - (2 - -5).
1
What is the value of 5 + 3 + -10 + 11 + -6?
3
(5 - (3 + -4 - 3)) + -2
7
What is (4 - 6) + 1 - (11 + -15)?
3
What is the value of -59 + 70 + (-12 - -3)?
2
What is the value of (-8 + 8 - 6) + 5?
-1
2 - (2 + -2) - (-12 + 8)
6
21 + (4 - 13) + -4
8
What is the value of -4 + (-3 - (-11 + 4))?
0
What is the value of (11 + -11 - -1) + 4?
5
-6 + 6 + -3 + 1
-2
Calculate 1 - (-3 + -3 + 5 + -1).
3
What is -2 + (-6 - (3 - 12))?
1
-5 + (16 + -10 - -5)
6
(16 - (7 + 2)) + (-6 - 0)
1
Evaluate -3 - 1 - (-20 + 9 + 6).
1
Evaluate (-3 - ((-4 - -2) + -2)) + -3.
-2
Evaluate 6 - (1 + 18 + -7).
-6
Evaluate -3 + -2 + 4 + -3 + 0.
-4
(21 - 36) + 0 + 7
-8
Evaluate -1 + 2 + (-4 - (-3 - 2)).
2
What is (-6 - 1) + 3 - -9 - 6?
-1
Calculate -1 - (0 + 3 - 4 - -5).
-5
Calculate 3 + 1 + -10 + 2 + 2.
-2
-7 + (-1 + 1 - (14 - 18))
-3
Calculate -4 - (3 - (-2 + 7 - 2)).
-4
What is (10 - 5 - 10) + 5?
0
What is the value of -7 + (12 - 3) + -4?
-2
Evaluate 3 + (-19 - -21 - (1 - 2)).
6
(0 - -2) + (-1 + 3 - 8)
-4
2 - (-5 + 13 + -3 - 4)
1
0 - ((3 - -1) + -9 + 0)
5
Calculate 9 - (-5 + 6 - (-3 + 0)).
5
What is the value of -1 + 2 - 5 - (6 + -6)?
-4
What is the value of (-6 - -7) + (-2 - 1 - -6)?
4
What is -1 - -4 - (-9 + 16)?
-4
What is the value of (6 - (4 - -1)) + -1 + 5?
5
What is 9 - (11 + -9 + 1)?
6
2 - -5 - (42 + -35)
0
Calculate (7 - -9) + -10 + -11.
-5
What is the value of (-10 - -10) + 4 - (-1 + -5)?
10
24 + (-11 - 3) + -1
9
Calculate -3 + 3 + 7 - 6.
1
What is the value of 2 + -1 + 0 - (2 - -1)?
-2
-8 + -1 + (2 - -1)
-6
What is the value of (-2 + -3 - (-4 - 0)) + -5?
-6
What is the value of -10 - (-5 - (-7 - -14))?
2
Calculate (-12 - -2) + -23 + 27.
-6
0 - (-1 + 2 + 1)
-2
What is -7 + 13 - (4 + -4)?
6
What is the value of 1 - 4 - (-27 + 25)?
-1
What is -7 - -11 - (-5 + 10) - -8?
7
4 - (3 + 1 - 2)
2
What is the value of (-2 - -1) + (13 - 8 - 7)?
-3
What is -2 - (-6 - (1 + 0 + 0))?
5
Evaluate 5 - (3 + -4 + -3 + 4).
5
What is 3 + (8 - 2) + -3 - 8?
-2
What is 5 - 10 - 4 - -2?
-7
What is the value of -1 + -8 - (-79 - -74)?
-4
(1 + -5 + 0 - -2) + 4
2
-16 - -13 - (3 + -1 - 2)
-3
What is (-41 - -39) + (0 - (5 - 1))?
-6
Evaluate 1 - ((-3 - (-3 + -1)) + -4).
4
Calculate (-3 - (-1 + -1) - 1) + 5.
3
What is (1 - -2) + 8 + -16?
-5
8 - (8 + 1) - (0 + 0)
-1
Evaluate -34 + 32 - (-1 - -1).
-2
Calculate (-6 - -9) + 3 + 0 - 7.
-1
Calculate 7 + -12 + 6 - 2.
-1
What is the value of (0 - (2 + 0) - 1) + 3?
0
0 + (0 - (2 + -4))
2
0 + (0 - -6) + 1
7
What is -2 + (7 + -7 + 5 - -6)?
9
What is the value of -7 - -8 - ((-9 - -4) + 1)?
5
What is 0 - 5 - (0 - (-5 + 2))?
-8
Calculate -4 - (-3 + -1 + 5).
-5
Evaluate 2 + (-3 + -5 - (5 - 7)).
-4
Evaluate -10 - (-13 - -6 - 0).
-3
Calculate 7 + -9 + 0 - -5.
3
4 + -1 + (-1 - (0 - -2))
0
What is the value of 0 + (6 - (6 + -13 - -6))?
7
Evaluate -27 + 27 - (0 - -1).
-1
(-11 - -3 - -1) + 8 + -4
-3
What is (-13 - -11) + (3 - -1)?
2
0 + 2 + -2 + -5 + 0
-5
Evaluate -9 - (3 + -4) - -4.
-4
What is 2 - (4 + -2) - 2?
-2
What is -34 + 40 - (11 + -1 + 1)?
-5
6 + 4 + -4 + 3 + -1
8
Evaluate (9 - 14) + 5 - (-5 - 1).
6
What is the value of 0 + (0 - 2 - (-7 + 4))?
1
What is the value of 3 + -4 + 10 + -6?
3
Evaluate (-10 - (-4 + 0)) + -2 + 6.
-2
Evaluate -5 + (9 - 7 - -3).
0
What is (1 + 2 - 2 - 5) + 4?
0
(-7 - (3 + -7)) + 2 + 3
2
What is the value of 0 - -8 - (-67 - -78)?
-3
What is 2 - (-13 + (3 - 3) + 6)?
9
Evaluate 8 + 3 + (-4 - (-2 + 6)).
3
Evaluate 16 - 14 - (0 + -2 - -7).
-3
What is -8 - -1 - (-8 - -4)?
-3
Evaluate -3 - 7 - (-9 + 2).
-3
Evaluate 3 + 1 + (3 - 4) + 1.
4
(-5 - (-4 + 1)) + 3 - 3
-2
(2 - 1) + 2 + (-17 - -13)
-1
Evaluate -4 + (4 - 1 - 1).
-2
What is -4 - (-5 - (-8 - -4))?
-3
Evaluate -4 + 4 + -4 + 7.
3
What is the value of 20 + -6 - (19 - 13)?
8
What is the value of -99 - -106 - (4 - (-1 + 2))?
4
-5 + (-14 + 7 - 1) + 10
-3
3 + (-8 + 2 - -9)
6
-3 - (-9 + 0 - 1)
7
Evaluate (9 - (1 - -1)) + -5 + 5.
7
Calculate 7 - ((-1 - -2) + 4).
2
What is -8 - (-11 + -3 + 3)?
3
Calculate 7 + 7 + (-4 - 10) + 6.
6
Evaluate -5 + 0 + 28 + -33 - -3.
-7
What is the value of 13 + -12 + 5 + 1?
7
3 + -5 + (-2 - -5 - 3)
-2
-1 + (3 - 7 - -1) + 3
-1
Evaluate -11 + 16 - (1 + 0) - 12.
-8
What is the value of (-3 - 1) + (5 - 6) - -2?
-3
Calculate 8 + 0 - (-61 - -76).
-7
18 + -13 + -2 + 2 + -1
4
1 - (1 - 3) - 0 - 7
-4
What is -26 - -18 - (-7 - -3 - -3)?
-7
What is the value of 5 + 0 - (6 - (4 + 0))?
3
62 + -53 + -2 + -4
3
13 + -22 - (-15 - -1)
5
(-3 - 0) + 7 - 2
2
Calculate (9 - (12 - 7)) + (0 - -1).
5
Evaluate -19 + 23 + (3 - 2 - 4).
1
Evaluate 5 + 0 + (5 - 14).
-4
What is the value of -3 + 6 + -4 + 3?
2
Evaluate 4 - (7 - (1 + 3) - -5).
-4
-2 + 0 + (-2 - -1) + -1
-4
0 + (-2 - 2) + -1
-5
What is 3 + (-12 - (-4 + -2))?
-3
4 + -5 - ((-1 - -2) + -5)
3
Calculate 7 - 3 - (-3 - -6).
1
-1 + (4 - 0) + (15 - 23)
-5
Calculate (-7 - -13) + -17 + 7.
-4
0 + 2 + -6 + 5 - -5
6
What is (-5 - -10) + -14 - -11?
2
What is 3 - (-2 + -4 - -4 - 0)?
5
7 + -10 + -4 - -7
0
-23 + 41 + -10 + -1
7
What is 1 + 2 + 0 + (-5 - -2)?
0
5 + -1 + -7 - (1 + -3)
-1
What is -4 - (0 - -4) - -4?
-4
-9 + 4 - (-8 - -7)
-4
Calculate 3 + (-2 - 1) + -1.
-1
What is the value of -1 - -1 - (-5 - (-19 + 11))?
-3
Evaluate 2 + -1 + (6 - 2) + -5.
0
5 - (-5 + 3 + 1 - -2)
4
What is the value of -3 + (-3 + -2 + 13 - 